= 2*u**3 - 10*u**2 + 206*u - 1302. What is q(6)?
6
Let v(q) = -q**2 - 42*q - 67. Determine v(-45).
-202
Let p(a) = -17*a**2 + 55*a - 6. Determine p(5).
-156
Let x(u) = 5*u**3 + 66*u**2 - u + 83. Give x(-13).
265
Let f(z) = 25*z - 833. Give f(35).
42
Let a(d) = -713*d + 3034. Determine a(5).
-531
Let g(j) = -6*j**3 + 167*j**2 + 26*j + 34. Determine g(28).
-22
Let r(k) = -2*k**2 - 1098*k - 62915. Give r(-65).
5
Let k(o) = -2209*o + 11043. What is k(5)?
-2
Let y(r) = r**2 + 26*r - 69. What is y(5)?
86
Let l(f) = -10*f - 59. Determine l(-1).
-49
Let b(d) = 3*d**2 - 128*d + 95. Calculate b(42).
11
Let g(d) = 94*d**2 - 9*d. Calculate g(1).
85
Let z(t) = 4*t**2 + 25*t + 25. What is z(-6)?
19
Let x(p) = -6*p**2 - 69*p + 466. Calculate x(6).
-164
Let d(m) = -106*m - 1570. What is d(-13)?
-192
Let s(v) = -v**3 - 16*v**2 - 38*v - 151. What is s(-14)?
-11
Let w(y) = -y**3 + 6*y**2 - 12*y + 18. Give w(4).
2
Let o(h) = -6*h**3 + 12*h**2 + 12*h - 117. Give o(-5).
873
Let i(f) = f**3 + 67*f**2 + 81*f + 761. What is i(-66)?
-229
Let f(i) = -i**3 + 14*i**2 - 31*i - 33. Give f(10).
57
Let q(s) = 9*s**2 - 84*s + 30. Determine q(9).
3
Let u(s) = 105*s - 199. Give u(2).
11
Let p(x) = 2*x**3 - 124*x**2 - 260*x + 223. What is p(64)?
-33
Let c(x) = 4*x**3 + 17*x**2 + 36*x + 126. What is c(-4)?
-2
Let j(c) = c**2 - 17*c + 204. Calculate j(13).
152
Let t(i) = -i**2 - 47*i + 2132. Give t(30).
-178
Let f(p) = -5246*p + 31414. Determine f(6).
-62
Let a(i) = 273*i + 1070. Determine a(-4).
-22
Let p(q) = 2*q**2 - 1403*q - 12788. Give p(-9).
1
Let i(f) = -f**3 + 172*f**2 - 336*f - 686. Determine i(170).
-6
Let a(t) = 3*t**3 + 65*t**2 + 40*t + 32. Calculate a(-21).
74
Let f(n) = n**2 + 6*n - 44. Give f(-6).
-44
Let t(a) = -26*a**2 - 5021*a - 594. Give t(-193).
-15
Let m(b) = -b**3 - 13*b**2 - 112*b - 819. Give m(-10).
1
Let o(i) = 9*i**2 - 424*i + 36. Calculate o(47).
-11
Let n(p) = p**3 + 21*p**2 + 45*p + 969. What is n(-21)?
24
Let g(j) = 617*j + 4316. Give g(-6).
614
Let s(o) = -29*o**3 + 58*o**2 - o + 1. Calculate s(2).
-1
Let c(s) = 43*s**2 + 1252*s + 17. Determine c(-29).
-128
Let m(k) = 83*k + 2656. Calculate m(-28).
332
Let x(h) = 19*h + 118. Calculate x(-15).
-167
Let j(b) = -110*b + 4954. Determine j(45).
4
Let v(x) = 28*x - 571. What is v(19)?
-39
Let y(j) = j**3 + 71*j**2 + 1167*j - 101. Calculate y(-45).
34
Let s(d) = 3*d**2 - 75*d + 94. Determine s(24).
22
Let n(d) = d**2 - 3*d + 7. Calculate n(4).
11
Let j(h) = 39*h + 300. Give j(-8).
-12
Let b(x) = -18*x - 58. Give b(-8).
86
Let y(t) = -24*t**2 - 15*t - 7. Determine y(-4).
-331
Let i(q) = -q**3 + 94*q**2 + 3425*q + 238. What is i(-28)?
-14
Let n(a) = -a**2 - 33*a + 469. Calculate n(-32).
501
Let l(o) = 57008*o - 342055. What is l(6)?
-7
Let l(k) = -37*k**3 + 9*k**2 + 5*k - 2. Give l(-1).
39
Let p(u) = 6*u**2 + 198*u - 74. Determine p(-33).
-74
Let y(h) = h**2 - 28*h + 49. Determine y(2).
-3
Let h(o) = 11511*o + 23022. Calculate h(-2).
0
Let q(u) = 211*u + 1677. Calculate q(-8).
-11
Let c(w) = -2*w**2 - 37*w - 37. Calculate c(-20).
-97
Let h(y) = -33*y + 141. Calculate h(5).
-24
Let i(h) = 1676*h - 11747. What is i(7)?
-15
Let x(h) = 4*h**2 - 5*h + 2. Give x(1).
1
Let w(p) = -p**3 - 211*p**2 - 1002*p + 152. Calculate w(-5).
12
Let q(j) = 30*j**2 + 420*j - 14. What is q(-14)?
-14
Let l(j) = -17*j**2 + 893*j - 891. Give l(1).
-15
Let n(c) = 2*c**3 + 34*c**2 - c + 51. Calculate n(-17).
68
Let j(p) = -p**3 - 25*p**2 - 99*p - 16. Determine j(-20).
-36
Let t(c) = 483*c + 1470. Calculate t(-3).
21
Let q(u) = -u**3 - 2*u**2 + 193*u + 640. Calculate q(-13).
-10
Let p(c) = 32*c + 36. Determine p(-1).
4
Let g(n) = -n**2 + 59*n - 1017. Determine g(42).
-303
Let g(t) = -t**2 + 230*t - 904. Calculate g(4).
0
Let m(t) = 3441*t - 41272. Determine m(12).
20
Let l(k) = -9*k - 75. Give l(24).
-291
Let v(n) = 5*n**3 - 5*n**2 - 2*n + 11. Calculate v(-2).
-45
Let l(u) = -u**2 - 14*u + 22. What is l(-17)?
-29
Let n(t) = 5*t**3 + 2*t**2 - 29*t + 55. Determine n(2).
45
Let i(t) = -173*t + 44827. What is i(259)?
20
Let b(c) = 18*c + 700. What is b(-32)?
124
Let t(s) = s**2 - 12*s - 21. What is t(13)?
-8
Let j(f) = -5*f - 56. Give j(-9).
-11
Let o(z) = 290*z**3 - 3*z**2 + 5*z - 3. What is o(1)?
289
Let g(j) = -31*j + 1265. What is g(41)?
-6
Let f(x) = -5*x**2 - 356*x - 762. Determine f(-69).
-3
Let g(c) = -c**3 - 25*c**2 - 67*c - 28. Calculate g(-22).
-6
Let r(u) = 31*u - 51. What is r(2)?
11
Let c(n) = -66*n**2 + 475*n - 86. Calculate c(7).
5
Let l(d) = 2*d**3 - 13*d**2 + 17*d - 46. Determine l(5).
-36
Let q(a) = -2*a**3 - 10*a**2 + 9*a - 11. Give q(-6).
7
Let d(b) = -1458*b + 26265. Give d(18).
21
Let b(w) = 2*w**3 + 4*w**2 + 4*w + 40. Give b(-8).
-760
Let h(i) = 101*i - 3040. Give h(30).
-10
Let c(f) = -3*f**3 + 30*f**2 + 4*f - 16. Give c(9).
263
Let g(p) = 7*p**2 + p - 238. Give g(6).
20
Let g(l) = -103*l**2 - 710*l + 20. Calculate g(-7).
-57
Let l(v) = v**3 + 2*v**2 - 62*v + 16. Give l(-9).
7
Let u(b) = -20*b**3 + 12*b**2 + 2*b - 4. Determine u(1).
-10
Let c(b) = -2*b**3 + 33*b**2 - 50*b + 48. Determine c(15).
-27
Let l(d) = 6*d - 198. Calculate l(30).
-18
Let s(h) = 380*h + 3421. What is s(-9)?
1
Let b(l) = -84*l - 407. What is b(-6)?
97
Let h(w) = 29*w + 162. What is h(-6)?
-12
Let c(h) = h**3 + 6*h**2 + 20*h + 166. Give c(-8).
-122
Let j(n) = 20*n + 39. Determine j(-2).
-1
Let p(g) = -234*g - 5733. Determine p(-24).
-117
Let u(w) = -w**3 + 16*w**2 - 78*w + 978. Calculate u(14).
278
Let p(j) = -j**2 - 3594*j + 25207. Give p(7).
0
Let q(d) = -130*d - 86. Determine q(-1).
44
Let b(f) = f**3 + 9*f**2 + 118*f + 1543. Calculate b(-11).
3
Let j(q) = q**3 + 36*q**2 - 66*q - 201. Determine j(-38).
-581
Let g(u) = -u**3 + 5*u**2 - 6*u - 226. Determine g(0).
-226
Let y(j) = j**2 + 54*j + 105. What is y(-2)?
1
Let q(l) = l**3 + 30*l**2 - 190*l + 929. Give q(-36).
-7
Let u(h) = -4*h**3 - 109*h**2 + 188*h - 429. Calculate u(-29).
6
Let c(j) = -j**3 + 320*j - 44. Give c(0).
-44
Let r(k) = -3*k**2 + 168*k + 804. What is r(61)?
-111
Let s(u) = 2*u**2 + 1272*u + 8819. Determine s(-7).
13
Let o(d) = -18*d - 8. Determine o(11).
-206
Let y(l) = -2*l**2 + 169*l - 3240. Calculate y(54).
54
Let t(u) = -14*u - 1070. Calculate t(-78).
22
Let n(w) = -w**2 + 8*w + 6. Calculate n(10).
-14
Let w(a) = -60*a + 613. What is w(10)?
13
Let g(u) = -243*u - 17304. Calculate g(-71).
-51
Let t(p) = -2*p**3 - 50*p**2 - 5*p + 82. What is t(-25)?
207
Let n(y) = -y**3 + 21*y**2 + 120*y - 9. Determine n(-6).
243
Let v(b) = -7*b**3 + 1350*b**2 + 192*b + 189. What is v(193)?
-4
Let y(d) = d**2 - 19*d - 17. Determine y(11).
-105
Let h(l) = -l**2 - 48*l + 440. Determine h(8).
-8
Let m(s) = -s**3 + 8*s**2 - 14*s - 33. Determine m(5).
-28
Let p(f) = -f**2 - 118*f - 1804. Calculate p(-100).
-4
Let c(m) = 7*m**2 + 156*m + 206. Give c(-21).
17
Let n(s) = 22*s - 931. What is n(42)?
-7
Let k(x) = 9*x**3 + 2*x**2 + 2*x - 32. Determine k(-4).
-584
Let p(x) = -5*x**2 + 346*x - 421. Determine p(68).
-13
Let t(h) = -h**3 + 6*h**2 - 77*h + 284. Give t(4).
8
Let o(p) = -p**3 + 3*p**2 - 1512*p + 7609. Give o(5).
-1
Let f(o) = 6*o**2 + 12*o - 80. Determine f(-5).
10
Let o(l) = -1588*l + 28568. Give o(18).
-16
Let d(m) = -28*m + 59. Determine d(8).
-165
Let z(i) = -2*i**2 + 20*i + 194. What is z(-14)?
-478
Let l(s) = 4*s**2 - 37*s - 801. Determine l(-11).
90
Let k(x) = 2*x - 519. Calculate k(-6).
-531
Let o(t) = -20*t**2 + 2616*t + 515. What is o(131)?
-9
Let k(l) = -14*l + 194. Give k(14).
-2
Let a(n) = 12*n + 565. Calculate a(-47).
1
Let v(x) = -76*x - 271. Determine v(-6).
185
Let a(f) = f**3 - 27*f**2 + 155*f - 63. Give a(19).
-6
Let p(b) = b**3 - 2*b**2 - 35*b + 6. Determine p(-6).
-72
Let u(h) = -34*h**2 + 75*h - 40. Determine u(2).
-26
Let p(w) = 2*w**3 + 17*w**2 - 15*w - 186. Give p(-8).
-2
Let h(q) = 65*q - 51. What is h(10)?
599
Let b(w) = -4*w**2 + 470*w - 246. Determine b(117).
-12
Let f(m) = -3*m**2 - 26*m + 77. Give f(-16).
-275
Let g(c) = -17*c + 234. Calculate g(14).
-4
Let u(p) = -696*p + 1409. Determine u(3).
-679
Let c(v) = 829*v - 2489. Calculate c(3).
-2
Let q(a) = -5*a**2 - 331*a - 64. What is q(-66)?
2
Let d(m) = -36*m - 1507. Calculate d(-42).
5
Let g(m) = -2*m**3 - 20*m**2 + 10*m - 21. Give g(-11).
111
Let w(p) = p**3 + 20*p**2 + 4*p - 11. What is w(-19)?
274
Let l